{"id":1841,"date":"2023-03-28T23:05:29","date_gmt":"2023-03-29T02:05:29","guid":{"rendered":"https:\/\/www.crossports.com.ar\/duatlon2023\/?page_id=1841"},"modified":"2026-04-14T13:51:32","modified_gmt":"2026-04-14T16:51:32","slug":"preguntas-frecuentes","status":"publish","type":"page","link":"https:\/\/www.crossports.com.ar\/duatlon2026\/preguntas-frecuentes\/","title":{"rendered":"Preguntas Frecuentes"},"content":{"rendered":"<p>[vc_row full_width=&#8221;stretch_row&#8221; equal_height=&#8221;yes&#8221; content_placement=&#8221;middle&#8221; hide_bg_image_on_tablet=&#8221;&#8221; hide_bg_image_on_mobile=&#8221;&#8221; css=&#8221;.vc_custom_1628025259116{padding-top: 50px !important;background-image: url(http:\/\/www.crossports.com.ar\/duatlon2023\/wp-content\/uploads\/2019\/04\/bg-inscripciones-2.jpg?id=1262) !important;background-position: top left !important;}&#8221; el_class=&#8221;categoria&#8221;][vc_column]<div id=\"sc_title_704052999\"\n\t\tclass=\"sc_title color_style_default sc_title_default  vc_custom_1680055593924\"><h3 class=\"sc_item_title sc_title_title sc_align_center sc_item_title_style_default\">PREGUNTAS FRECUENTES<\/h3><\/div><!-- \/.sc_title -->[vc_empty_space alter_height=&#8221;medium&#8221; hide_on_desktop=&#8221;&#8221; hide_on_notebook=&#8221;&#8221; hide_on_tablet=&#8221;&#8221; hide_on_mobile=&#8221;&#8221;][\/vc_column][\/vc_row][vc_row full_width=&#8221;stretch_row&#8221; gap=&#8221;35&#8243; equal_height=&#8221;yes&#8221; content_placement=&#8221;middle&#8221; hide_bg_image_on_tablet=&#8221;&#8221; hide_bg_image_on_mobile=&#8221;&#8221; css=&#8221;.vc_custom_1688925179267{padding-top: 50px !important;background-color: #000000 !important;}&#8221; el_class=&#8221;categoria&#8221;][vc_column][vc_column_text]<span style=\"color: #ffffff;\"><strong>1- \u00bfD\u00d3NDE SE REALIZA LA ACREDITACI\u00d3N? \u00bfD\u00cdA Y HORARIO?<\/strong><\/span><br \/>\n<span style=\"color: #ffffff;\">La acreditaci\u00f3n (entrega de Kit y Numero de corredor) se llevar\u00e1 a cabo el d\u00eda s\u00e1bado 16 de mayo en la sede de la CPM (Corporaci\u00f3n de Planeamiento Metropolitano): situada en la calle Calabria 1691 (Puerto Madero) de 10 a 18 has<\/span><\/p>\n<p><span style=\"color: #ffffff;\"><strong>2- \u00bfQU\u00c9 DEBO LLEVAR PARA RETIRAR EL KIT?<\/strong><\/span><br \/>\n<span style=\"color: #ffffff;\">DOCUMENTACI\u00d3N<\/span><br \/>\n<span style=\"color: #ffffff;\">Retirado por el titular<\/span><br \/>\n<span style=\"color: #ffffff;\">\u2013 Eventick Pass<\/span><br \/>\n<span style=\"color: #ffffff;\">\u2013 Apto en tu Cuenta Eventick<\/span><br \/>\n<span style=\"color: #ffffff;\">\u2013 DNI \/ Pasaporte<\/span><br \/>\n<span style=\"color: #ffffff;\">FIRMA DIGITAL: Para descargar tu Eventick Pass, deber\u00e1s realizar tu firma digital. La misma debe coincidir con la del DNI\/Pasaporte declarado. Validaremos tu firma cuando te acredites en el evento.<\/span><\/p>\n<p><span style=\"color: #ffffff;\"><strong>3 \u00bfD\u00d3NDE EST\u00c1 EL VOUCHER DE PAGO?<\/strong><\/span><br \/>\n<span style=\"color: #ffffff;\">Una vez inscripto dentro de las 48 has recibir\u00e1s un mail de confirmaci\u00f3n de tu inscripci\u00f3n con el V\u00e1ucher de Pago. En el caso que no lo hayas recibido dentro de las 48 has, chequea que no est\u00e9 en correo NO deseado y sino ingresa en tu cuenta registrada en Eventick, para chequear el estado de tu inscripci\u00f3n.<\/span><\/p>\n<p><span style=\"color: #ffffff;\"><strong>4- \u00bfDE D\u00d3NDE SE DESCARGA EL DESLINDE?<\/strong><\/span><br \/>\n<span style=\"color: #ffffff;\">El deslinde se encuentra en el V\u00e1ucher de pago. En el caso que no hayas recibido dentro de las 48 has, chequea que no est\u00e9 en correo NO deseado y sino ingresa en tu cuenta registrada en Eventick, para chequear el estado de tu inscripci\u00f3n.<\/span><\/p>\n<p><span style=\"color: #ffffff;\"><strong>5- \u00bfPUEDE RETIRAR EL KIT OTRA PERSONA? \u00bfQU\u00c9 DEBE LLEVAR LA PERSONA QUE RETIRA MI KIT?<\/strong><\/span><br \/>\n<span style=\"color: #ffffff;\">Si, puede<\/span><br \/>\n<span style=\"color: #ffffff;\">Debe llevar:<\/span><br \/>\n<span style=\"color: #ffffff;\">\u2013 Eventick Pass<\/span><br \/>\n<span style=\"color: #ffffff;\">\u2013 Apto en tu Cuenta Eventick<\/span><br \/>\n<span style=\"color: #ffffff;\">\u2013 Fotocopia DNI titular<\/span><br \/>\n<span style=\"color: #ffffff;\">\u2013 Fotocopia DNI quien retira<\/span><\/p>\n<p><span style=\"color: #ffffff;\"><strong>6- \u00bfSE PUEDE INSCRIBIR ESE D\u00cdA?<\/strong><\/span><br \/>\n<span style=\"color: #ffffff;\">Sujeto a cupo<\/span><\/p>\n<p><span style=\"color: #ffffff;\"><strong>7- \u00bfHAY QUE LLEVAR APTO M\u00c9DICO SI LO ENTREGUE EN LA 1 FECHA?<\/strong><\/span><br \/>\n<span style=\"color: #ffffff;\">El apto medico se carga una vez en la cuenta y es v\u00e1lido por la duraci\u00f3n de la vigencia del apto. Si ya lo tiene cargado no tiene que cargar o presentar nada adicional en otro evento futuro.<\/span><\/p>\n<p><span style=\"color: #ffffff;\"><strong>8 \u00bfQU\u00c9 VALIDEZ TIENE EL CERTIFICADO MEDICO?<\/strong><\/span><br \/>\n<span style=\"color: #ffffff;\">El apto m\u00e9dico tiene una vigencia de 1 a\u00f1o a partir de la fecha en que te realizas el estudio.<\/span><br \/>\n<span style=\"color: #ffffff;\">Si no lo hiciste anteriormente, podes cargar el apto ingresando en tu Cuenta Eventick &gt; secci\u00f3n Documentaci\u00f3n<\/span><\/p>\n<p><span style=\"color: #ffffff;\"><strong>9- \u00bfME INSCRIB\u00cd Y NO RECIB\u00cd MAIL DE CONFIRMACI\u00d3N, EN DONDE LO ENCUENTRO?<\/strong><\/span><br \/>\n<span style=\"color: #ffffff;\">En el caso que no lo hayas recibido dentro de las 48 has, chequea que no est\u00e9 en correo NO deseado y sino ingresa en tu cuenta registrada en Eventick, para chequear el estado de tu inscripci\u00f3n.<\/span><\/p>\n<p><span style=\"color: #ffffff;\"><strong>10- \u00bfSE PUEDE TRANFERIR MI INSCRIPCION A OTRO CORREDOR?<\/strong><\/span><br \/>\n<span style=\"color: #ffffff;\">En el caso que no puedas concurrir por alg\u00fan motivo, podes transferir tu inscripci\u00f3n a otro corredor. Esto lo haces a trav\u00e9s de tu cuenta de usuario de Eventick. No se pasa para otra carrera. No se devuelve el dinero.<\/span><\/p>\n<p><span style=\"color: #ffffff;\"><strong>11 &#8211; \u00bfUNA VEZ INSCRIPTO, PUEDO CAMBIAR DE DISTANCIA?<\/strong><\/span><br \/>\n<span style=\"color: #ffffff;\">Si, lo pod\u00e9s hacer ingresando en tu cuenta de usuario de Eventick.<\/span><\/p>\n<p><span style=\"color: #ffffff;\"><strong>12 \u00bfPOR D\u00d3NDE SE INGRESA A LA CARRERA<\/strong><\/span><br \/>\n<span style=\"color: #ffffff;\">Se puede ingresar por Av. Macacha Guemes y Av. de los Italianos.<\/span><\/p>\n<p><span style=\"color: #ffffff;\"><strong>13 \u00bfHABR\u00c1 ESTACIONAMIENTO?:<\/strong><\/span><br \/>\n<span style=\"color: #ffffff;\">Al ser un lugar P\u00fablico, no habr\u00e1 estacionamiento. Se deber\u00e1n dejar los autos en las inmediaciones de la carrera. No van a poder estacionar sobre la Costanera, ya que va a estar todo cerrado<\/span><\/p>\n<p><span style=\"color: #ffffff;\"><strong>14 \u00bfD\u00d3NDE EST\u00c1 EL PARQUE CERRADO DE LAS BICICLETAS?<\/strong><\/span><br \/>\n<span style=\"color: #ffffff;\">Sobre Av. de los Italianos entre Marta Lynch y Manuela S\u00e1enz<\/span><\/p>\n<p><span style=\"color: #ffffff;\"><strong>15 \u00bfA QU\u00c9 HORARIO SE ABRE EL PARQUE CERRADO?<\/strong><\/span><br \/>\n<span style=\"color: #ffffff;\">6.30 has &#8211; Apertura parque cerrado Duatl\u00f3n 3.20 y Duatl\u00f3n 6.30<\/span><\/p>\n<p><span style=\"color: #ffffff;\"><strong>16 \u00bfA QU\u00c9 HORA CIERRA EL PARQUE CERRADO?<\/strong><\/span><br \/>\n<span style=\"color: #ffffff;\">08:00 has &#8211; Cierre del parque cerrado<\/span><\/p>\n<p><span style=\"color: #ffffff;\"><strong>17 \u00bfQU\u00c9 DISTANCIAS SE CORREN?<\/strong><\/span><br \/>\n<span style=\"color: #ffffff;\">6.30 Duatl\u00f3n sin drafting: 6 km de pedestrismo, 30 km de ciclismo, 3 km de pedestrismo.<\/span><br \/>\n<span style=\"color: #ffffff;\">3.20 Duatl\u00f3n sin drafting: 3 km pedestrismo, 20 km ciclismo, 3 km pedestrismo<\/span><\/p>\n<p><span style=\"color: #ffffff;\"><strong>18 \u00bfA QU\u00c9 HORA SE LARGA LA CARRERA?<br \/>\n<\/strong>La carrera se larga a las 8.30 has AM<\/span><\/p>\n<p><span style=\"color: #ffffff;\"><strong>19 \u00bfSE LARGAN LAS DOS DISTANCIAS JUNTAS?<\/strong><\/span><br \/>\n<span style=\"color: #ffffff;\">Si, ambas distancias se correr\u00e1n al mismo tiempo.<\/span><\/p>\n<p><span style=\"color: #ffffff;\"><strong>20 \u00bfCU\u00c1NTAS VUELTAS DE PEDESTRISMO SON?<\/strong><\/span><br \/>\n<span style=\"color: #ffffff;\">Para 3.20 son: 1 al principio y 1 al final<\/span><br \/>\n<span style=\"color: #ffffff;\">Para 6.30 son: 2 al principio y 1 al final<\/span><\/p>\n<p><span style=\"color: #ffffff;\"><strong>21 \u00bfCU\u00c1NTAS VUELTAS DE CICLISMO SON:<\/strong><\/span><br \/>\n<span style=\"color: #ffffff;\">Cantidad de vueltas 6.30 = 6 vueltas Circuito = 5.250 Km = 31.500 Km<\/span><br \/>\n<span style=\"color: #ffffff;\">Cantidad de vueltas 3.20 = 4 vueltas Circuito = 5.250 Km = 21 Km<\/span><\/p>\n<p><span style=\"color: #ffffff;\"><strong>22 \u00bfD\u00d3NDE VA EL CHIP?<\/strong><\/span><br \/>\n<span style=\"color: #ffffff;\">El Chip debe estar siempre en el tobillo. En el caso de las Postas, el Chip ser\u00e1 utilizado como testimonio, es decir: ser\u00e1 entregado por el corredor, al participante que haga la etapa de Ciclismo y al terminar la misma, el ciclista, se lo entregar\u00e1 nuevamente al corredor, hasta finalizar la prueba<\/span><\/p>\n<p><span style=\"color: #ffffff;\"><strong>23 \u00bfD\u00d3NDE VA EL NUMERO DE BICI?<\/strong><\/span><br \/>\n<span style=\"color: #ffffff;\">El n\u00famero de Bici deber\u00e1 estar colocado tipo banderita debajo del asiento.<\/span><\/p>\n<p><span style=\"color: #ffffff;\"><strong>24 \u00bfD\u00d3NDE VA EL N\u00daMERO DEL CASCO?<\/strong><\/span><br \/>\n<span style=\"color: #ffffff;\">El n\u00famero deber\u00e1 estar visible coloc\u00e1ndolo en la parte delantera del casco.<\/span><\/p>\n<p><span style=\"color: #ffffff;\"><strong>25 \u00bfD\u00d3NDE VA EL DORSAL O NUMERO DE CARRERA?<\/strong><\/span><br \/>\n<span style=\"color: #ffffff;\">Deber\u00e1 estar siempre exhibido en la parte delantera superior del torso, perfectamente visible.<\/span><\/p>\n<p><span style=\"color: #ffffff;\"><strong>26 &#8211; \u00bfHABR\u00c1 GUARDARROPAS?:<\/strong><\/span><br \/>\n<span style=\"color: #ffffff;\">SI, el mismo estar\u00e1 situado al lado de la oficina de carrera<\/span><\/p>\n<p><span style=\"color: #ffffff;\"><strong>27 &#8211; \u00bfHABR\u00c1 HIDRATACION?:<\/strong><\/span><br \/>\n<span style=\"color: #ffffff;\">6.30: Habr\u00e1 hidrataci\u00f3n en el Km 3 de Pedestrismo (1 vuelta), a la salida del Parque cerrado despu\u00e9s de dejar la bici y comenzar la \u00faltima etapa de Pedestrismo y al final de la prueba.<\/span><br \/>\n<span style=\"color: #ffffff;\">3.20: Habr\u00e1 hidrataci\u00f3n, a la salida del Parque cerrado despu\u00e9s de dejar la bici y comenzar la \u00faltima etapa de Pedestrismo y al final de la prueba.<\/span><\/p>\n<p><span style=\"color: #ffffff;\"><strong>28 \u00bfA QU\u00c9 HORA ES LA PREMIACI\u00d3N?<\/strong><\/span><br \/>\n<span style=\"color: #ffffff;\">Estimamos estar comenzando a las 11.30. APROX \u2013 Inicio Premiaci\u00f3n 3.20 y 6.30<\/span><\/p>\n<p><span style=\"color: #ffffff;\"><strong>29 \u00bfVA A HABER SERVICIO MEC\u00c1NICO DE BICICLETAS?<\/strong><\/span><br \/>\n<span style=\"color: #ffffff;\">Si, el mismo estar\u00e1 a cargo de AMARU Bike Fit y solo ser\u00e1 para mec\u00e1nica ligera<\/span><\/p>\n<p><span style=\"color: #ffffff;\"><strong>30 \u00bfEN CASO QUE NO PUEDA ASISTIR A LA CARRERA, SE DEVUELVE LA INSCRIPCI\u00d3N?<\/strong><\/span><br \/>\n<span style=\"color: #ffffff;\">Si el corredor desiste de participar, por cualquier motivo, el importe de la inscripci\u00f3n NO se devuelve, ni se acredita para otra carrera, como as\u00ed tampoco se entrega el kit de participante. Hasta 7 d\u00edas antes de la carrera, puede transferirlo a otro corredor. Esto debe hacerlo a trav\u00e9s de la plataforma de Eventick.<\/span><\/p>\n<p><span style=\"color: #ffffff;\"><strong>31 \u00bfSE SUSPENDE POR LLUVIA?<\/strong><\/span><br \/>\n<span style=\"color: #ffffff;\">No se suspende por lluvia, salvo en caso que la organizaci\u00f3n considere que el mal tiempo pueda hacer peligrar la salud de los participantes.<\/span><\/p>\n<p><span style=\"color: #ffffff;\"><strong>32 HAY TIEMPO M\u00c1XIMO PARA LA PRUEBA?<\/strong><\/span><br \/>\n<span style=\"color: #ffffff;\">El tiempo m\u00e1ximo entre pedestrismo + transici\u00f3n + ciclismo= 2 horas en el caso que el corredor traspase ese l\u00edmite, ser\u00e1 descalificado de la prueba<\/span><\/p>\n<p><span style=\"color: #ffffff;\"><strong>33 \u00bfHABRA CHARLA TECNICA?<\/strong><\/span><br \/>\n<span style=\"color: #ffffff;\">La Charla T\u00e9cnica se realizar\u00e1 en forma virtual. Se difundir\u00e1 el d\u00eda y la hora cuando ser\u00e1 subida a las redes y tendr\u00e1n la posibilidad de verla las veces que lo deseen.<\/span><\/p>\n<p><span style=\"color: #ffffff;\"><strong>34 \u00bfQU\u00c9 BICICLETAS SE PUEDEN UTILIZAR?<\/strong><\/span><br \/>\n<span style=\"color: #ffffff;\">Podr\u00e1n utilizarse bicicletas de Ruta, Tria o Mtb Las bicicletas de ruta pueden tener acoples. No podr\u00e1n utilizarse bicicletas que tengan solo freno delantero. Las Bicicletas Gravel deber\u00e1n inscribirse en categor\u00eda Ruta.<\/span><\/p>\n<p><span style=\"color: #ffffff;\"><strong>35 \u00bfQU\u00c9 CUBIERTAS SE PUEDEN UTILIZAR EN MTB?<\/strong><\/span><br \/>\n<span style=\"color: #ffffff;\">Las cubiertas deben ser de 26\/ 27 \/ 27.5 \/ 29 x 1.5 y con dibujo como m\u00ednimo.<\/span><\/p>\n<p><span style=\"color: #ffffff;\"><strong>36 \u00bfSE PUEDE USAR AURICULARES?<\/strong><\/span><br \/>\n<span style=\"color: #ffffff;\">Est\u00e1 terminantemente prohibido el uso de auriculares durante la carrera<\/span>[\/vc_column_text][vc_empty_space alter_height=&#8221;medium&#8221; hide_on_desktop=&#8221;&#8221; hide_on_notebook=&#8221;&#8221; hide_on_tablet=&#8221;&#8221; hide_on_mobile=&#8221;&#8221;][\/vc_column][\/vc_row][vc_row full_width=&#8221;stretch_row&#8221; hide_bg_image_on_tablet=&#8221;&#8221; hide_bg_image_on_mobile=&#8221;&#8221; css=&#8221;.vc_custom_1628032421460{background-color: #009bbf !important;background-size: cover !important;}&#8221;][vc_column hide_bg_image_on_tablet=&#8221;&#8221; hide_bg_image_on_mobile=&#8221;&#8221;][vc_empty_space alter_height=&#8221;medium&#8221; hide_on_desktop=&#8221;&#8221; hide_on_notebook=&#8221;&#8221; hide_on_tablet=&#8221;&#8221; hide_on_mobile=&#8221;&#8221;][\/vc_column][\/vc_row][vc_row][vc_column]<div class=\"sc_layouts sc_layouts_default sc_layouts_1659\">[vc_row full_width=\"stretch_row\" hide_bg_image_on_tablet=\"\" hide_bg_image_on_mobile=\"\" row_type=\"compact\" row_delimiter=\"\" hide_on_desktop=\"\" hide_on_notebook=\"\" hide_on_tablet=\"\" hide_on_mobile=\"\" hide_on_frontpage=\"\" css=\".vc_custom_1650312416067{background-color: #ffffff !important;}\"][vc_column icons_position=\"left\"][vc_row_inner equal_height=\"yes\" content_placement=\"middle\" hide_bg_image_on_tablet=\"\" hide_bg_image_on_mobile=\"\" row_type=\"compact\" row_delimiter=\"\"][vc_column_inner width=\"1\/6\" icons_position=\"left\"]<a href=\"https:\/\/www.crossports.com.ar\/duatlon2026\/\" id=\"sc_layouts_logo_2119521123\" class=\"sc_layouts_logo sc_layouts_logo_default\"><img loading=\"lazy\" decoding=\"async\" class=\"logo_image\" src=\"https:\/\/www.crossports.com.ar\/duatlon2026\/wp-content\/uploads\/2022\/04\/logs-dua-2026-04-1.jpg\" alt=\"\" width=\"1458\" height=\"888\"><\/a><!-- \/.sc_layouts_logo -->[\/vc_column_inner][vc_column_inner width=\"1\/6\" icons_position=\"left\"]<a href=\"https:\/\/www.crossports.com.ar\/duatlon2026\/\" id=\"sc_layouts_logo_35772682\" class=\"sc_layouts_logo sc_layouts_logo_default\"><img loading=\"lazy\" decoding=\"async\" class=\"logo_image\" src=\"https:\/\/www.crossports.com.ar\/duatlon2026\/wp-content\/uploads\/2022\/04\/logs-dua-2026-06.jpg\" alt=\"\" width=\"1458\" height=\"888\"><\/a><!-- \/.sc_layouts_logo -->[\/vc_column_inner][vc_column_inner width=\"1\/6\" icons_position=\"left\"]<a href=\"https:\/\/www.crossports.com.ar\/duatlon2026\/\" id=\"sc_layouts_logo_1374899293\" class=\"sc_layouts_logo sc_layouts_logo_default\"><img loading=\"lazy\" decoding=\"async\" class=\"logo_image\" src=\"https:\/\/www.crossports.com.ar\/duatlon2026\/wp-content\/uploads\/2017\/12\/centro-rossi.jpg\" alt=\"\" width=\"350\" height=\"213\"><\/a><!-- \/.sc_layouts_logo -->[\/vc_column_inner][vc_column_inner width=\"1\/6\" icons_position=\"left\"]<a href=\"https:\/\/www.crossports.com.ar\/duatlon2026\/\" id=\"sc_layouts_logo_1893738545\" class=\"sc_layouts_logo sc_layouts_logo_default\"><img loading=\"lazy\" decoding=\"async\" class=\"logo_image\" src=\"https:\/\/www.crossports.com.ar\/duatlon2026\/wp-content\/uploads\/2022\/04\/logs-dua-2026-01.jpg\" alt=\"\" width=\"1458\" height=\"888\"><\/a><!-- \/.sc_layouts_logo -->[\/vc_column_inner][vc_column_inner width=\"1\/6\" icons_position=\"left\"]<a href=\"https:\/\/www.crossports.com.ar\/duatlon2026\/\" id=\"sc_layouts_logo_791944312\" class=\"sc_layouts_logo sc_layouts_logo_default\"><img loading=\"lazy\" decoding=\"async\" class=\"logo_image\" src=\"https:\/\/www.crossports.com.ar\/duatlon2026\/wp-content\/uploads\/2022\/04\/ACF-2022.jpg\" alt=\"\" width=\"350\" height=\"213\"><\/a><!-- \/.sc_layouts_logo -->[\/vc_column_inner][vc_column_inner width=\"1\/6\" icons_position=\"left\"]<a href=\"https:\/\/www.crossports.com.ar\/duatlon2026\/\" id=\"sc_layouts_logo_1977184192\" class=\"sc_layouts_logo sc_layouts_logo_default\"><img loading=\"lazy\" decoding=\"async\" class=\"logo_image\" src=\"https:\/\/www.crossports.com.ar\/duatlon2026\/wp-content\/uploads\/2022\/04\/logs-dua-2026-07.jpg\" alt=\"\" width=\"1458\" height=\"888\"><\/a><!-- \/.sc_layouts_logo -->[\/vc_column_inner][\/vc_row_inner][vc_row_inner row_type=\"compact\" row_delimiter=\"\"][vc_column_inner width=\"1\/6\" icons_position=\"left\"]<a href=\"https:\/\/www.crossports.com.ar\/duatlon2026\/\" id=\"sc_layouts_logo_1301768340\" class=\"sc_layouts_logo sc_layouts_logo_default\"><img loading=\"lazy\" decoding=\"async\" class=\"logo_image\" src=\"https:\/\/www.crossports.com.ar\/duatlon2026\/wp-content\/uploads\/2022\/04\/logs-dua-2026-08-1.png\" alt=\"\" width=\"1459\" height=\"888\"><\/a><!-- \/.sc_layouts_logo -->[\/vc_column_inner][vc_column_inner width=\"1\/6\" icons_position=\"left\"]<a href=\"https:\/\/www.crossports.com.ar\/duatlon2026\/\" id=\"sc_layouts_logo_127476440\" class=\"sc_layouts_logo sc_layouts_logo_default\"><img loading=\"lazy\" decoding=\"async\" class=\"logo_image\" src=\"https:\/\/www.crossports.com.ar\/duatlon2026\/wp-content\/uploads\/2022\/04\/logs-dua-2026-09.png\" alt=\"\" width=\"1459\" height=\"888\"><\/a><!-- \/.sc_layouts_logo -->[\/vc_column_inner][vc_column_inner width=\"1\/6\" icons_position=\"left\"]<a href=\"https:\/\/www.crossports.com.ar\/duatlon2026\/\" id=\"sc_layouts_logo_1183159041\" class=\"sc_layouts_logo sc_layouts_logo_default\"><img loading=\"lazy\" decoding=\"async\" class=\"logo_image\" src=\"https:\/\/www.crossports.com.ar\/duatlon2026\/wp-content\/uploads\/2022\/04\/logo-roark.jpg\" alt=\"\" width=\"350\" height=\"213\"><\/a><!-- \/.sc_layouts_logo -->[\/vc_column_inner][vc_column_inner width=\"1\/6\" icons_position=\"left\"]<a href=\"https:\/\/www.crossports.com.ar\/duatlon2026\/\" id=\"sc_layouts_logo_999514770\" class=\"sc_layouts_logo sc_layouts_logo_default\"><img loading=\"lazy\" decoding=\"async\" class=\"logo_image\" src=\"https:\/\/www.crossports.com.ar\/duatlon2026\/wp-content\/uploads\/2022\/04\/LOGO-AMARU-BIKE-1-1.jpg\" alt=\"\" width=\"350\" height=\"213\"><\/a><!-- \/.sc_layouts_logo -->[\/vc_column_inner][vc_column_inner width=\"1\/6\" icons_position=\"left\"]<a href=\"https:\/\/www.crossports.com.ar\/duatlon2026\/\" id=\"sc_layouts_logo_1462762241\" class=\"sc_layouts_logo sc_layouts_logo_default\"><img loading=\"lazy\" decoding=\"async\" class=\"logo_image\" src=\"https:\/\/www.crossports.com.ar\/duatlon2026\/wp-content\/uploads\/2022\/04\/logo-fotorun-2022.jpg\" alt=\"\" width=\"350\" height=\"213\" style=\"max-height:15px;\"><\/a><!-- \/.sc_layouts_logo -->[\/vc_column_inner][vc_column_inner width=\"1\/6\" icons_position=\"left\"]<a href=\"https:\/\/www.crossports.com.ar\/duatlon2026\/\" id=\"sc_layouts_logo_1801108045\" class=\"sc_layouts_logo sc_layouts_logo_default\"><img loading=\"lazy\" decoding=\"async\" class=\"logo_image\" src=\"https:\/\/www.crossports.com.ar\/duatlon2026\/wp-content\/uploads\/2022\/04\/logs-dua-2026-05.jpg\" alt=\"\" width=\"1458\" height=\"888\" style=\"max-height:15px;\"><\/a><!-- \/.sc_layouts_logo -->[\/vc_column_inner][\/vc_row_inner][\/vc_column][\/vc_row]<\/div>[\/vc_column][\/vc_row][vc_row][vc_column][vc_column_text][\/vc_column_text][\/vc_column][\/vc_row]<\/p>\n","protected":false},"excerpt":{"rendered":"<p>[vc_row full_width=&#8221;stretch_row&#8221; equal_height=&#8221;yes&#8221; content_placement=&#8221;middle&#8221; hide_bg_image_on_tablet=&#8221;&#8221; hide_bg_image_on_mobile=&#8221;&#8221; css=&#8221;.vc_custom_1628025259116{padding-top: 50px !important;background-image: url(http:\/\/www.crossports.com.ar\/duatlon2023\/wp-content\/uploads\/2019\/04\/bg-inscripciones-2.jpg?id=1262) !important;background-position: top left !important;}&#8221; el_class=&#8221;categoria&#8221;][vc_column][vc_empty_space alter_height=&#8221;medium&#8221; hide_on_desktop=&#8221;&#8221; hide_on_notebook=&#8221;&#8221; hide_on_tablet=&#8221;&#8221; hide_on_mobile=&#8221;&#8221;][\/vc_column][\/vc_row][vc_row full_width=&#8221;stretch_row&#8221; gap=&#8221;35&#8243; equal_height=&#8221;yes&#8221; content_placement=&#8221;middle&#8221; hide_bg_image_on_tablet=&#8221;&#8221; hide_bg_image_on_mobile=&#8221;&#8221; css=&#8221;.vc_custom_1688925179267{padding-top: 50px !important;background-color: #000000 !important;}&#8221; el_class=&#8221;categoria&#8221;][vc_column][vc_column_text]1- \u00bfD\u00d3NDE SE REALIZA LA ACREDITACI\u00d3N? \u00bfD\u00cdA Y HORARIO? La acreditaci\u00f3n (entrega de Kit y Numero de corredor) se llevar\u00e1 a cabo el d\u00eda s\u00e1bado 16 de mayo en&hellip;<\/p>\n","protected":false},"author":4,"featured_media":0,"parent":0,"menu_order":0,"comment_status":"closed","ping_status":"closed","template":"","meta":{"_mc_calendar":[],"footnotes":""},"class_list":["post-1841","page","type-page","status-publish","hentry"],"_links":{"self":[{"href":"https:\/\/www.crossports.com.ar\/duatlon2026\/wp-json\/wp\/v2\/pages\/1841","targetHints":{"allow":["GET"]}}],"collection":[{"href":"https:\/\/www.crossports.com.ar\/duatlon2026\/wp-json\/wp\/v2\/pages"}],"about":[{"href":"https:\/\/www.crossports.com.ar\/duatlon2026\/wp-json\/wp\/v2\/types\/page"}],"author":[{"embeddable":true,"href":"https:\/\/www.crossports.com.ar\/duatlon2026\/wp-json\/wp\/v2\/users\/4"}],"replies":[{"embeddable":true,"href":"https:\/\/www.crossports.com.ar\/duatlon2026\/wp-json\/wp\/v2\/comments?post=1841"}],"version-history":[{"count":78,"href":"https:\/\/www.crossports.com.ar\/duatlon2026\/wp-json\/wp\/v2\/pages\/1841\/revisions"}],"predecessor-version":[{"id":2401,"href":"https:\/\/www.crossports.com.ar\/duatlon2026\/wp-json\/wp\/v2\/pages\/1841\/revisions\/2401"}],"wp:attachment":[{"href":"https:\/\/www.crossports.com.ar\/duatlon2026\/wp-json\/wp\/v2\/media?parent=1841"}],"curies":[{"name":"wp","href":"https:\/\/api.w.org\/{rel}","templated":true}]}}